[INFO] cloning repository https://github.com/GeertVL/rox
[INFO] running `Command { std: "git" "-c" "credential.helper=" "-c" "credential.helper=/workspace/cargo-home/bin/git-credential-null" "clone" "--bare" "https://github.com/GeertVL/rox" "/workspace/cache/git-repos/https%3A%2F%2Fgithub.com%2FGeertVL%2Frox", kill_on_drop: false }`
[INFO] [stderr] Cloning into bare repository '/workspace/cache/git-repos/https%3A%2F%2Fgithub.com%2FGeertVL%2Frox'...
[INFO] running `Command { std: "git" "rev-parse" "HEAD", kill_on_drop: false }`
[INFO] [stdout] 0be583ccc1d4fb8ad43be6387b381677a4db8e07
[INFO] checking GeertVL/rox against master#9610dfe5a9a731ced1ea4923ecbd0c57fe367898 for beta-170-4
[INFO] running `Command { std: "git" "clone" "/workspace/cache/git-repos/https%3A%2F%2Fgithub.com%2FGeertVL%2Frox" "/workspace/builds/worker-7-tc1/source", kill_on_drop: false }`
[INFO] [stderr] Cloning into '/workspace/builds/worker-7-tc1/source'...
[INFO] [stderr] done.
[INFO] validating manifest of git repo https://github.com/GeertVL/rox on toolchain 9610dfe5a9a731ced1ea4923ecbd0c57fe367898
[INFO] running `Command { std: CARGO_HOME="/workspace/cargo-home" RUSTUP_HOME="/workspace/rustup-home" "/workspace/cargo-home/bin/cargo" "+9610dfe5a9a731ced1ea4923ecbd0c57fe367898" "metadata" "--manifest-path" "Cargo.toml" "--no-deps", kill_on_drop: false }`
[INFO] started tweaking git repo https://github.com/GeertVL/rox
[INFO] finished tweaking git repo https://github.com/GeertVL/rox
[INFO] tweaked toml for git repo https://github.com/GeertVL/rox written to /workspace/builds/worker-7-tc1/source/Cargo.toml
[INFO] crate git repo https://github.com/GeertVL/rox already has a lockfile, it will not be regenerated
[INFO] running `Command { std: CARGO_HOME="/workspace/cargo-home" RUSTUP_HOME="/workspace/rustup-home" "/workspace/cargo-home/bin/cargo" "+9610dfe5a9a731ced1ea4923ecbd0c57fe367898" "fetch" "--manifest-path" "Cargo.toml", kill_on_drop: false }`
[INFO] running `Command { std: "docker" "create" "-v" "/var/lib/crater-agent-workspace/builds/worker-7-tc1/target:/opt/rustwide/target:rw,Z" "-v" "/var/lib/crater-agent-workspace/builds/worker-7-tc1/source:/opt/rustwide/workdir:ro,Z" "-v" "/var/lib/crater-agent-workspace/cargo-home:/opt/rustwide/cargo-home:ro,Z" "-v" "/var/lib/crater-agent-workspace/rustup-home:/opt/rustwide/rustup-home:ro,Z" "-e" "SOURCE_DIR=/opt/rustwide/workdir" "-e" "CARGO_TARGET_DIR=/opt/rustwide/target" "-e" "CARGO_HOME=/opt/rustwide/cargo-home" "-e" "RUSTUP_HOME=/opt/rustwide/rustup-home" "-w" "/opt/rustwide/workdir" "-m" "1610612736" "--user" "0:0" "--network" "none" "ghcr.io/rust-lang/crates-build-env/linux@sha256:19e73879b68f455e41552ea35293514db52ea292d993f571636dbffedb77a1ee" "/opt/rustwide/cargo-home/bin/cargo" "+9610dfe5a9a731ced1ea4923ecbd0c57fe367898" "metadata" "--no-deps" "--format-version=1", kill_on_drop: false }`
[INFO] [stdout] 1e0deda4efc7fd241a60251a37e62f81dc2094dad8da79bd2ce69f4a2265ef5c
[INFO] running `Command { std: "docker" "start" "-a" "1e0deda4efc7fd241a60251a37e62f81dc2094dad8da79bd2ce69f4a2265ef5c", kill_on_drop: false }`
[INFO] running `Command { std: "docker" "inspect" "1e0deda4efc7fd241a60251a37e62f81dc2094dad8da79bd2ce69f4a2265ef5c", kill_on_drop: false }`
[INFO] running `Command { std: "docker" "rm" "-f" "1e0deda4efc7fd241a60251a37e62f81dc2094dad8da79bd2ce69f4a2265ef5c", kill_on_drop: false }`
[INFO] [stdout] 1e0deda4efc7fd241a60251a37e62f81dc2094dad8da79bd2ce69f4a2265ef5c
[INFO] running `Command { std: "docker" "create" "-v" "/var/lib/crater-agent-workspace/builds/worker-7-tc1/target:/opt/rustwide/target:rw,Z" "-v" "/var/lib/crater-agent-workspace/builds/worker-7-tc1/source:/opt/rustwide/workdir:ro,Z" "-v" "/var/lib/crater-agent-workspace/cargo-home:/opt/rustwide/cargo-home:ro,Z" "-v" "/var/lib/crater-agent-workspace/rustup-home:/opt/rustwide/rustup-home:ro,Z" "-e" "SOURCE_DIR=/opt/rustwide/workdir" "-e" "CARGO_TARGET_DIR=/opt/rustwide/target" "-e" "CARGO_INCREMENTAL=0" "-e" "RUST_BACKTRACE=full" "-e" "RUSTFLAGS=--cap-lints=forbid" "-e" "RUSTDOCFLAGS=--cap-lints=forbid" "-e" "CARGO_HOME=/opt/rustwide/cargo-home" "-e" "RUSTUP_HOME=/opt/rustwide/rustup-home" "-w" "/opt/rustwide/workdir" "-m" "1610612736" "--user" "0:0" "--network" "none" "ghcr.io/rust-lang/crates-build-env/linux@sha256:19e73879b68f455e41552ea35293514db52ea292d993f571636dbffedb77a1ee" "/opt/rustwide/cargo-home/bin/cargo" "+9610dfe5a9a731ced1ea4923ecbd0c57fe367898" "check" "--frozen" "--all" "--all-targets" "--message-format=json", kill_on_drop: false }`
[INFO] [stdout] 2980089644c7c3cb39e58d9faabe442c231b4f76b58c32ed1e33bb57128914e9
[INFO] running `Command { std: "docker" "start" "-a" "2980089644c7c3cb39e58d9faabe442c231b4f76b58c32ed1e33bb57128914e9", kill_on_drop: false }`
[INFO] [stderr]     Checking rox v0.1.0 (/opt/rustwide/workdir)
[INFO] [stdout] error[E0412]: cannot find type `Token` in this scope
[INFO] [stdout]  --> src/scanner.rs:6:41
[INFO] [stdout]   |
[INFO] [stdout] 6 |     fn scanTokens<'a>(&self) -> Vec<&'a Token> {
[INFO] [stdout]   |                                         ^^^^^ not found in this scope
[INFO] [stdout]   |
[INFO] [stdout] help: you might be missing a type parameter
[INFO] [stdout]   |
[INFO] [stdout] 5 | impl<Token> Scanner {
[INFO] [stdout]   |     +++++++
[INFO] [stdout] 
[INFO] [stdout] 
[INFO] [stdout] error[E0412]: cannot find type `Token` in this scope
[INFO] [stdout]  --> src/scanner.rs:6:41
[INFO] [stdout]   |
[INFO] [stdout] 6 |     fn scanTokens<'a>(&self) -> Vec<&'a Token> {
[INFO] [stdout]   |                                         ^^^^^ not found in this scope
[INFO] [stdout]   |
[INFO] [stdout] help: you might be missing a type parameter
[INFO] [stdout]   |
[INFO] [stdout] 5 | impl<Token> Scanner {
[INFO] [stdout]   |     +++++++
[INFO] [stdout] 
[INFO] [stdout] 
[INFO] [stdout] error[E0599]: no function or associated item named `new` found for struct `Scanner` in the current scope
[INFO] [stdout]   --> src/main.rs:43:37
[INFO] [stdout]    |
[INFO] [stdout] 43 |     let scanner = scanner::Scanner::new();
[INFO] [stdout]    |                                     ^^^ function or associated item not found in `Scanner`
[INFO] [stdout]    |
[INFO] [stdout]   ::: src/scanner.rs:1:1
[INFO] [stdout]    |
[INFO] [stdout] 1  | pub struct Scanner {
[INFO] [stdout]    | ------------------ function or associated item `new` not found for this struct
[INFO] [stdout] 
[INFO] [stdout] 
[INFO] [stdout] error[E0599]: no function or associated item named `new` found for struct `Scanner` in the current scope
[INFO] [stdout]   --> src/main.rs:43:37
[INFO] [stdout]    |
[INFO] [stdout] 43 |     let scanner = scanner::Scanner::new();
[INFO] [stdout]    |                                     ^^^ function or associated item not found in `Scanner`
[INFO] [stdout]    |
[INFO] [stdout]   ::: src/scanner.rs:1:1
[INFO] [stdout]    |
[INFO] [stdout] 1  | pub struct Scanner {
[INFO] [stdout]    | ------------------ function or associated item `new` not found for this struct
[INFO] [stdout] 
[INFO] [stdout] 
[INFO] [stdout] error: aborting due to 2 previous errors
[INFO] [stdout] 
[INFO] [stdout] 
[INFO] [stdout] Some errors have detailed explanations: E0412, E0599.
[INFO] [stdout] 
[INFO] [stdout] For more information about an error, try `rustc --explain E0412`.
[INFO] [stdout] 
[INFO] [stdout] error: aborting due to 2 previous errors
[INFO] [stdout] 
[INFO] [stdout] 
[INFO] [stdout] Some errors have detailed explanations: E0412, E0599.
[INFO] [stdout] 
[INFO] [stdout] For more information about an error, try `rustc --explain E0412`.
[INFO] [stdout] 
[INFO] [stderr] error: could not compile `rox` (bin "rox" test) due to 3 previous errors
[INFO] [stderr] warning: build failed, waiting for other jobs to finish...
[INFO] [stderr] error: could not compile `rox` (bin "rox") due to 3 previous errors
[INFO] running `Command { std: "docker" "inspect" "2980089644c7c3cb39e58d9faabe442c231b4f76b58c32ed1e33bb57128914e9", kill_on_drop: false }`
[INFO] running `Command { std: "docker" "rm" "-f" "2980089644c7c3cb39e58d9faabe442c231b4f76b58c32ed1e33bb57128914e9", kill_on_drop: false }`
[INFO] [stdout] 2980089644c7c3cb39e58d9faabe442c231b4f76b58c32ed1e33bb57128914e9
